t s be i(-2). Suppose -s = -a - 0. Calculate the remainder when 33 is divided by a.
9
Let z(u) = u - 2. Let r = -14 - -10. Let i be z(r). What is the remainder when 57/9 + 2/i is divided by 4?
2
Let r(c) = 3*c**2 + 5*c + 2. Calculate the remainder when 40 is divided by r(-3).
12
What is the remainder when 86 is divided by 4*11/(-3)*-3?
42
Suppose 6*j - 3*j = 15. Suppose 0 = m - j - 7. Calculate the remainder when m is divided by 5.
2
Let z = 20 + -8. Suppose -z + 2 = -2*n - 2*m, n + 3*m = -5. Suppose -15*s = -3*s - 348. Calculate the remainder when s is divided by n.
9
Let n(f) = -f**2 + 27. Calculate the remainder when 106 is divided by n(0).
25
Let p(r) = r**2 - 5*r + 3. Let b(a) = 4*a + 1. Let z be b(1). Suppose 0 = n - m - 0 + 1, 4*m = -5*n + 22. Calculate the remainder when p(z) is divided by n.
1
Let i(b) be the third derivative of -b**4/24 + b**3/3 - b**2. Suppose 5*g - 4*g = 5*t + 33, -4*t - g - 21 = 0. What is the remainder when 22 is divided by i(t)?
6
What is the remainder when 3/(1/(-3) - (-58)/120) is divided by 7?
6
What is the remainder when 76 is divided by 2/6*2 + (-37)/(-3)?
11
Let m = -161 - -176. What is the remainder when m is divided by 13?
2
Suppose -4*q + 3*q + 173 = 4*h, 4*q - 146 = -3*h. Suppose -j - y + h = 0, 5*y + 77 = j + j. What is the remainder when j is divided by 11?
8
Let m be (-7)/(-3) - (-1)/(-3). Suppose -m*f + 42 = -f. Let b = -33 - -55. Calculate the remainder when f is divided by b.
20
Suppose 8*d + 549 = 11*d. Calculate the remainder when d is divided by 37.
35
Suppose 0 = -3*v + 21 - 3. What is the remainder when 17 is divided by v?
5
Suppose 3*t - 1 = 11. Let z(o) = 15*o - 1. Suppose -4*i + 7*i - 60 = 0. What is the remainder when z(t) is divided by i?
19
Suppose -i = 4*i - 60. Suppose -5*u = -i - 43. Calculate the remainder when u is divided by 4.
3
Let o = -2 - -4. Suppose d = 3*d + o. Let u = 1 - d. What is the remainder when 2 is divided by u?
0
Suppose 4 = u - 0. What is the remainder when 19 is divided by 0 + u + (-6)/(-2)?
5
Let j = -6 + -2. Calculate the remainder when 6/4*j/(-6) is divided by 2.
0
Suppose 3*m + 3 = -3. What is the remainder when 5 is divided by 1 + 0/3 - m?
2
Suppose -4*c = -v - 4, -4*v - 37 = 3*c - 2. Calculate the remainder when (14/4)/((-2)/v) is divided by 8.
6
Let q(r) be the third derivative of -37*r**4/24 + 4*r**2. What is the remainder when q(-1) is divided by (-1)/((-2)/26 - 0)?
11
Let o be 9 - 6 - (1 - 64). Suppose -2*y + o = -3*b, -2*y + 38 = -0*y + 4*b. What is the remainder when y is divided by 7?
6
Let x be (15/10)/((-1)/(-6)). Let w = x - 15. Calculate the remainder when 8 is divided by (-1 - -3)*w/(-4).
2
Let j be ((-6)/(-4))/(9/24). Suppose 3*m + j*y + 20 = 88, y = -2*m + 42. Calculate the remainder when 38 is divided by m.
18
Calculate the remainder when 12 is divided by (12/(-4))/(-3) - -6.
5
Let d(n) = 2 - 2*n - 6 + 1. Calculate the remainder when 29 is divided by d(-9).
14
Suppose 3 + 9 = 2*h. Let g(r) = -r**2 - 5*r + 6. Let j be g(-7). Let f = j + 12. What is the remainder when h is divided by f?
2
Let x = -16 - -20. What is the remainder when 7 is divided by x?
3
Suppose -4*q - 16 + 0 = 0, 20 = 4*l - 4*q. Let v be 7/7 + -7 + l. Calculate the remainder when (1*v)/(2/(-4)) is divided by 4.
2
Let z(b) = 2*b**2 - 4 + b + 0*b**2 + 0. Calculate the remainder when z(-3) is divided by 4.
3
Let p(u) = -u**3 + 10*u**2 - u - 6. Calculate the remainder when p(7) is divided by 34.
32
Let g(h) = 7*h**3 - h**2 - h. Let m be g(-1). Let u(y) = -y**3 - 8*y**2 - 10*y - 8. Let p = 26 + -2. What is the remainder when p is divided by u(m)?
11
Let k = 148 - 89. Let i = -36 + k. What is the remainder when 45 is divided by i?
22
Suppose 0 = -5*u + u - 4*w + 20, 5*u + w - 21 = 0. Suppose -5*m = -a + 10 + 20, u*m = a - 27. Calculate the remainder when 294/10 + 6/(-15) is divided by a.
14
What is the remainder when 4/14 + 768/56 is divided by 8?
6
Let z(q) = q - 1 - 3 - 3. Let j be z(8). Calculate the remainder when j + (22 - (2 - 3)) is divided by 13.
11
Let z(h) = -2*h + 1. What is the remainder when z(-8) is divided by 13?
4
Let j = 15 - 10. Suppose -3*f = j*y - 75, -f + 5*f + 30 = 2*y. What is the remainder when 44 is divided by y?
14
Suppose 128 = -21*k + 23*k. What is the remainder when k is divided by 33?
31
Let d(i) = -33*i - 2. Let s be d(-4). What is the remainder when ((-4)/6)/(1/(-36)) is divided by (-3)/(-2)*s/15?
11
Let y = 0 + 2. Suppose 3*h - 17 = y*h. Calculate the remainder when 50 is divided by h.
16
Suppose 0 = -4*b - 0*b + 48. Calculate the remainder when 47 is divided by b.
11
What is the remainder when 56/12 - (-2)/6 is divided by 4?
1
Let q(v) = 7*v**3 - 7*v**2 + 8*v + 3. Let y(b) = 6*b**3 - 7*b**2 + 8*b + 3. Let p(f) = -5*q(f) + 6*y(f). Calculate the remainder when p(6) is divided by 4.
3
Suppose 2*v = -3*v + 785. Suppose -49 = -f + 3*j + j, 0 = 4*f - 3*j - v. Calculate the remainder when f is divided by 13.
11
Suppose -5*o - 4*z = -42, -3*o - 3*z + 7*z + 38 = 0. Calculate the remainder when 27 is divided by o.
7
Suppose -4*f = -0*f - 68. Let u = 6 - -26. What is the remainder when u is divided by f?
15
Let k(i) = -i**2 - 11*i + 7. Let b(d) = -d**2 - 3*d + 2. Let w be b(-5). What is the remainder when k(w) is divided by 11?
9
Let x(q) = q**3 - 8*q**2 + 9*q + 2. What is the remainder when 47 is divided by x(7)?
15
Let n = -7 + 10. Let z(w) = w**3 - 4*w**2 + 2*w + 3. What is the remainder when z(4) is divided by 17/n - (-2)/6?
5
Suppose -4*o + 4 = 2*y, 0 = y + o + 1 - 4. Suppose -2*d = -f + 5, 5*f + 3*d = y*d + 61. Calculate the remainder when f is divided by 7.
6
Let j = 33 + -20. Suppose j = -3*b + 55. Calculate the remainder when 40 is divided by b.
12
Suppose -2*v + 3*v + 2*c = 39, -3*v - 2*c + 109 = 0. What is the remainder when ((-102)/5)/((-16)/80) is divided by v?
32
Let y(a) = 3*a. Let r be y(2). Let j be (9/r)/(4/8). Suppose 2*b + 10 = j*b + 3*l, -8 = -4*l. What is the remainder when 9 is divided by b?
1
Let o = -7 - -11. Suppose -w + 5 = -3*j, -o*w + 5*j = -26 - 1. Calculate the remainder when (27 + -4)/(0 - -1) is divided by w.
7
Calculate the remainder when 127 is divided by (-20)/(-5)*12 - 5.
41
Let u(m) = m**3 + 5*m**2 - 7*m + 6. What is the remainder when 46 is divided by u(-6)?
10
Let r = 46 - 21. Calculate the remainder when r is divided by 9.
7
What is the remainder when 102 is divided by 3/((-12)/(-256)*4) + -3?
11
Let u(z) = z**3 + 6*z**2 - 7*z + 10. Calculate the remainder when u(-6) is divided by 12.
4
Let i(t) = -t**3 + 6*t**2 - 4*t + 3. Suppose -n - 28 = -2*n. Suppose 0 = 4*z + 5*c - c - n, -4*z - c = -19. Calculate the remainder when i(z) is divided by 10.
9
Suppose -11 - 65 = -4*z. Suppose 2*b = g - 62, 4*g - 21*b = -22*b + 212. Calculate the remainder when g is divided by z.
16
Calculate the remainder when 267/6 + 4/8 is divided by 16.
13
Suppose -23 - 41 = -2*d + 5*q, -q = 4*d - 150. Suppose -2*a + 3 = -d. Calculate the remainder when a is divided by 7.
6
Let j be -1*(12/(-4) + 3). Suppose -5*o = -j*o - 265. Calculate the remainder when o is divided by 14.
11
Suppose 4*c - y - 2*y = 31, 4*y + 25 = 3*c. Let b(l) = -3*l - 2. Calculate the remainder when ((-12)/7)/((-1)/c) is divided by b(-3).
5
Let i = 100 + -80. Calculate the remainder when 116 is divided by i.
16
Let k(r) = -r**2 - 6*r - 3. Let h be k(-5). Let b(x) = x**2 + 1 + 3*x + 0*x**h - 1. What is the remainder when 9 is divided by b(-4)?
1
Let d = -16 - 1. Let c = d + 40. Let q = -28 + 40. What is the remainder when c is divided by q?
11
Suppose 5*j + 32 = 3*q, 4 - 8 = -q + 5*j. What is the remainder when q is divided by 0 + (0 - -6 - 1)?
4
Suppose -6*o = 3*p - 2*o + 18, 5*o = p - 13. Let y = 23 - 15. What is the remainder when y is divided by (p - 2)*(-10)/8?
3
Let j = 9 + -9. Suppose j = s - 9 + 2. Let y = -5 + s. Calculate the remainder when 5 is divided by y.
1
Let f = 119 + -83. Let l(d) = -d**2 - 10*d - 2. What is the remainder when f is divided by l(-7)?
17
Suppose -19 = -c - 4*f + 27, 4*f - 98 = -3*c. What is the remainder when 101 is divided by c?
23
Suppose -2*r - 4*l + 46 + 0 = 0, -4*r + 82 = 3*l. Let j(x) = 11*x - 1. Calculate the remainder when r is divided by j(1).
9
Suppose a + 170 = 241. What is the remainder when 138 is divided by a?
67
Let n(d) = d*